e units digit of c?
4
Suppose -h + 3 + 1 = 0. What is the units digit of h?
4
Suppose -21 + 62 = r. What is the tens digit of r?
4
Suppose 3*d = -b + 299, 0 = 2*b - 4*b - 8. What is the tens digit of d?
0
Suppose 4*a = -3*h + 88, -4*a - 4*h + 13 + 79 = 0. What is the units digit of a?
9
Let j(a) = a**2 + a. Let q be j(0). Suppose q = -3*i + 9, 74 = 2*t - 4*i - 18. Suppose 5*f - f = t. What is the tens digit of f?
1
Let g(u) = 5*u**3 - 4*u**2 - 2*u + 1. Let p = -4 - -6. Let o(s) = -21*s**3 + 17*s**2 + 9*s - 5. Let y(x) = p*o(x) + 9*g(x). What is the tens digit of y(2)?
1
Suppose -179 = 6*m - 665. What is the tens digit of m?
8
Let r(l) = 21*l - 27. What is the tens digit of r(8)?
4
Let z(a) = 38*a - 59. What is the tens digit of z(8)?
4
Suppose -f = -4*a + 19, -f - 5*a + 0*a = -26. Suppose f = 3*c + b + 5, 2*b = 3*c - 8. Suppose 3*l + 1 - 7 = c. What is the units digit of l?
2
Suppose f = k - 0*k, -5*k + 3*f = 0. Suppose k*j - 3 = -j. Suppose -s + j + 0 = 0. What is the units digit of s?
3
Let v(j) = -3*j + 3. What is the tens digit of v(-7)?
2
Let a be 10/(-6)*3/(-1). Let w = 7 - a. Suppose 0*b - 6 = -w*b. What is the units digit of b?
3
Suppose 1 = -3*a + 2*a. Let n be (-1 + 1)*(0 + a). Suppose n = r - 2*r + 7. What is the units digit of r?
7
Let c = -163 + 232. What is the tens digit of c?
6
What is the units digit of 293 + (-18)/63 + 18/14?
4
Let z be (-3 - -6*2)*-3. Let w = -19 - z. What is the units digit of w?
8
What is the units digit of 0 + 3/(3 + -2)?
3
Let u be (-410)/(-8) - (-11)/(-44). Suppose -u = -3*z - 0*z. What is the units digit of z?
7
Let a = -150 + 214. What is the tens digit of a?
6
Suppose -w = -4*w + 123. What is the units digit of w?
1
Let w(z) = -z - 11. Let a be w(-9). What is the units digit of -6*1*a/3?
4
Let z(n) = 1. Let j(a) = a + 1. Let m(y) = -2*j(y) - 6*z(y). Let g be m(-12). Suppose 3*q + 0 = 12, 2*r - q = g. What is the tens digit of r?
1
Let x(n) = -n - 3. Suppose 25 = 2*p + 2*p - 5*w, -p + 4*w + 20 = 0. Suppose p = 5*g + 10 + 15. What is the units digit of x(g)?
2
Suppose -2*x - 4*t + 494 = -0, -5*x + 4*t + 1249 = 0. What is the tens digit of x?
4
Suppose 17 = 3*p - 19. Let i be 16/p*3/2. Suppose -2*w + 0 = 2*g - 16, -w - i*g + 10 = 0. What is the units digit of w?
6
Suppose 4*h = i - 11, 3*h - 3*i = -3 + 6. Let y(p) be the first derivative of -p**2/2 - 2*p + 1. What is the units digit of y(h)?
2
Suppose -10 = -5*o + 10. Let h(z) = -z**3 + 2*z**2 - z - 3. Let x(i) = -i**2 - 1. Let c(f) = -h(f) + 2*x(f). What is the units digit of c(o)?
5
What is the units digit of 9/9 - (-2 + -65)?
8
Let v = 9 - 5. Suppose 0 = v*k - 5*s - 130, s - 3*s = -4. What is the units digit of k?
5
What is the hundreds digit of (-483)/(-3) - (-1)/2*-2?
1
Let l be (1*-20)/(6/(-3)). Let i be 4/(-10) - (-44)/l. Let p = 9 + i. What is the tens digit of p?
1
Let v = -46 - -88. What is the tens digit of v?
4
Let q(o) = 3*o**2 - 6*o + 4. What is the units digit of q(-4)?
6
Let z = 0 + 8. Suppose -3*w = -3, 0*y - 3*y = 2*w - z. What is the units digit of y*(-3)/6*-1?
1
Let y(c) = c**3 + 3*c**2 - 3*c. Let q = 2 + -6. Let x be y(q). What is the units digit of (-2)/x*1*4?
2
Suppose 10 = -0*c + c. What is the units digit of c?
0
Suppose y - 5 = -4*y. Let a be y - ((1 - 2) + 1). Suppose 3*r - 11 = 2*w, -2*w = -a + 9. What is the units digit of r?
1
Suppose -4*z = -5*p - 10, -5*z + 3*p = -8 - 11. Let k be ((-6)/(-5))/((-1)/z). Let g(u) = u + 14. What is the units digit of g(k)?
8
Let r(n) = n**2 + n - 3. Let p be r(-4). Let a = -7 + p. What is the tens digit of (-72)/(-5) + a/(-5)?
1
Let t(a) = a**3 + 7*a**2 + 3*a + 1. Let q be t(-5). Suppose 4*b + 3*s - 103 = -q, -s = -2*b + 21. What is the units digit of b?
3
Let z be ((-196)/(-8))/1*-2. Let d = z - -70. What is the units digit of d?
1
Suppose 0 = -4*u + 2*u + 4*j + 6, -u - 4*j + 9 = 0. What is the units digit of u?
5
Let b(f) = -6*f + 4. Let g(d) = -d + 9. Let v be g(15). What is the units digit of b(v)?
0
Suppose 5*z + 7665 = -3*p, -2*p - 4633 = 3*z - 7*p. What is the units digit of (-6)/(-14) + z/(-42)?
7
Let u(o) = -6*o - 2. What is the tens digit of u(-10)?
5
Suppose 2*n + 4 = -5*z, -4*n - 2*z + 5 = -3. Let h be (n/(-9))/(1/(-129)). Suppose -3*k + h = -5*b, b - 9 = -4*k - 2*b. What is the units digit of k?
6
Let g = 36 - -36. What is the tens digit of g?
7
Let b(m) = m**2 + 5*m**2 - 4 - 7*m - m**2 + m**3 + 3. Let z = -22 + 16. What is the units digit of b(z)?
5
Let k = -4 + 6. Suppose k*r - 4*c = -9*c + 58, 0 = -5*c - 20. What is the units digit of r?
9
Suppose -m = -0*m. Let z(f) = -1 + m - 15*f - 5*f + f. What is the tens digit of z(-1)?
1
Let h(s) = 13*s - 5. Let c(i) be the first derivative of -25*i**2/2 + 9*i + 2. Let f(z) = -6*c(z) - 11*h(z). What is the tens digit of f(2)?
1
Suppose -2*x + d + 3*d = -50, 4*d - 8 = 0. Let o = x + -16. What is the tens digit of o?
1
Let k = 96 - 29. What is the tens digit of k?
6
Suppose -3*q - 34 = 3*b + 2*b, 4*b + 14 = 2*q. Let x = 7 - q. What is the units digit of x?
0
What is the units digit of 219*((-20)/(-15) + -1)?
3
Let s = 30 - 0. Suppose 0 = -5*z - s + 135. Suppose -5*y = -2*y - z. What is the units digit of y?
7
Let t = 350 + -1274. What is the tens digit of t/(-70) + (-2)/10?
1
Suppose -o - 4*m + 4 = -2*o, -m = 3*o - 40. Let t = o + -4. What is the units digit of t?
8
Suppose 5*x - 4*h + h = 232, 0 = 4*x - 3*h - 185. What is the units digit of x?
7
Suppose 2*c - 2*a - 10 = 0, -2*c - 6 - 2 = 4*a. Let t = 4 - c. What is the units digit of t?
2
Let w = 11 + 9. Let f = 4 - 0. Suppose -f*d = -2*r + w, -2*r + 5*r + d = 2. What is the units digit of r?
2
Let p = -166 + 256. What is the tens digit of p?
9
Suppose -17*s + 8225 = 8*s. What is the hundreds digit of s?
3
Suppose 2*y - 7*y + 70 = 0. What is the tens digit of y?
1
Let k = 68 - 12. What is the units digit of k?
6
Let x = 117 - 104. What is the tens digit of x?
1
Suppose 2 + 22 = 8*j. What is the units digit of j?
3
Let t = -2 - -5. Suppose 0 = 5*m - 4*l - 75, -30 = m - 3*m + t*l. Suppose -9 = -3*f + m. What is the units digit of f?
8
Let u(h) = 14*h - 6. Let t be u(-9). What is the units digit of 7/(-3)*t/11?
8
Suppose 4*j - 59 - 293 = 0. What is the tens digit of j?
8
Let x(n) = n**3 - n - 7*n**2 - 53 - 5*n + 52. What is the tens digit of x(8)?
1
Let g(w) = -9*w**3 - 2*w**2 + 2*w + 3. Let h be g(-2). Suppose -3*f + 45 = -n, 4*n + n = -3*f + h. What is the tens digit of f?
1
Suppose j - 2*p - 18 = 0, 3*p = 4*j - 32 - 65. What is the tens digit of (-7)/j + (-234)/(-8)?
2
Suppose -f = f + 4. Let p = f - -19. What is the tens digit of p?
1
Let h(j) be the third derivative of -j**6/120 - 11*j**5/60 - 5*j**4/12 + 5*j**3/6 + 4*j**2. What is the units digit of h(-10)?
5
Suppose 0 = 2*z + 3*z - 50. What is the units digit of 9/((-17)/z + 2)?
0
Let g(w) = -w + 6 - 7*w**2 - w**2 - w**3 - 6*w. Let p = -15 - -8. What is the units digit of g(p)?
6
Let p = -19 - -40. What is the tens digit of p?
2
Suppose -v = -u - 11, 2*v + 3*u + 27 = 4*v. Suppose -2*b + 0*b = -5*t + 16, -4*t = -5*b - v. What is the units digit of (b + -1)*(-3 + 11)?
8
Let l(a) = 3*a**3 + 8*a**2 - 9. Let d(u) = -4*u**3 - 8*u**2 + 9. Let g(p) = -4*d(p) - 5*l(p). What is the units digit of g(8)?
9
Suppose -h - 5*i + 11 = -0*h, -4*h + i = -107. What is the tens digit of h?
2
Let q = -36 - -64. Suppose -2*j = -4*j + q. Suppose 3*c - 4*a - 9 = -a, 3*c - 2*a = j. What is the units digit of c?
8
Let n be 17*((0 - -2) + -1). Suppose 4*i = -3*l - 31, 0 + 2 = -2*i. Let j = l + n. What is the units digit of j?
8
Suppose -2*l + 6*l - 40 = 0. Suppose 3*k - 38 = l. What is the tens digit of k?
1
Let n = -63 + 116. What is the tens digit of n?
5
What is the tens digit of (-30)/4*(-3)/((-45)/(-50))?
2
Let t = 43 - -28. What is the units digit of t?
1
Suppose g - 198 = -g. Let t = g - 70. What is the tens digit of t?
2
Let d be 2/(-4)*(-3 - -1). Suppose -q - 5*m + 13 = 0, -6 = -q + m + d. What is the units digit of q?
8
Let q = -26 + 12. Let o = q + 38. Let k = o + -10. What is the units digit of k?
4
Let u = 5 - 5. Suppose u = -3*f - 2*f + 15. What is the units digit of f?
3
Let u(i) = 3*i**3 - 4*i**2 + i + 1. Let j be u(3). Suppose -j = -4*f + 3. What is the units digit of f?
3
Suppose -g + 4*u - 12 = 0, 2*g = 2*u + 7 - 31. Let a be (-2)/(g/15